*f - 42. Calculate c(1).
6
Let s(i) = 623*i**2 + 9406*i + 921. Determine s(-15).
6
Let f(k) = 68*k**2 - 7047*k - 2595. Give f(104).
5
Let m(a) = 280*a + 5828. Calculate m(-19).
508
Let z(d) = 249*d**2 - 3698*d + 164. Give z(15).
719
Let l(r) = 59036*r - 177205. What is l(3)?
-97
Let y(t) = 45*t**3 - 756*t**2 - 152*t - 146. What is y(17)?
-129
Let m(l) = 2*l**3 - 636*l**2 - 22399*l - 956. Determine m(350).
-606
Let y(z) = 2*z**3 - 18*z**2 + 103*z - 504. Determine y(7).
21
Let y(n) = 3*n**3 + 60*n**2 - 1886*n - 25. What is y(-37)?
-62
Let n(q) = -6*q**2 - 1638*q + 75072. Calculate n(-313).
-48
Let i(p) = 176*p**2 + 113*p + 139. Give i(0).
139
Let v(m) = 4*m**3 + 272*m**2 + 13*m - 91. Determine v(-68).
-975
Let i(z) = -82*z + 1561. Determine i(4).
1233
Let j(y) = -2*y**3 - 439*y**2 - 24064*y - 212. Determine j(-106).
0
Let c(j) = -368*j - 4932. What is c(-13)?
-148
Let j(t) = -6376*t - 121149. What is j(-19)?
-5
Let d(h) = 396*h - 140969. Give d(356).
7
Let z(m) = m**3 - 194*m**2 + 7693*m + 6622. Calculate z(57).
10
Let k(j) = 449*j + 164660. Give k(-367).
-123
Let y(r) = 1168*r + 28513. Calculate y(-22).
2817
Let c(s) = s**3 + 69*s**2 + 1137*s - 293. What is c(-28)?
15
Let k(c) = 10576*c - 444316. Give k(42).
-124
Let q(k) = -3*k**3 - 3*k**2 - 60*k - 90. Give q(-4).
294
Let f(c) = -4*c**2 + 216*c + 1756. Determine f(-8).
-228
Let b(d) = -13*d**2 + 1014*d + 1163. Determine b(79).
136
Let a(b) = b**2 - 20978*b + 607498. What is a(29)?
-23
Let k(h) = -19*h**2 - 83*h - 7. Calculate k(-4).
21
Let g(t) = -10*t**3 + 30*t**2 + 231*t + 202. What is g(-1)?
11
Let n(x) = -6*x**2 - 314*x + 697. Give n(-55).
-183
Let f(g) = -g**3 - 71*g**2 - 9*g - 487. Determine f(-71).
152
Let d(o) = -4*o**2 - 291*o + 7694. Give d(-94).
-296
Let p(s) = -s**3 + 307*s**2 + 5797*s + 17235. Give p(325).
10
Let p(m) = -2*m**3 - 14*m**2 - 3198*m - 9516. What is p(-3)?
6
Let f(l) = l**3 + 33*l**2 - 304*l - 815. What is f(-40)?
145
Let o(w) = -3*w**3 - 210*w**2 + 217*w + 92. Determine o(-71).
-192
Let v(h) = 110154*h - 439832. Give v(4).
784
Let b(z) = 2365*z - 21381. Give b(9).
-96
Let v(n) = 22*n**2 - 504*n + 2512. Determine v(7).
62
Let a(f) = -3839*f + 8687. Give a(3).
-2830
Let j(i) = -5834*i + 297715. Calculate j(51).
181
Let l(u) = -u**3 - 18*u**2 - 58*u + 25. What is l(-9)?
-182
Let u(a) = 152118*a - 26772768. Give u(176).
0
Let v(i) = 6*i**2 + 5058*i + 151040. Give v(-31).
8
Let c(i) = i**3 + 10*i**2 - 374*i - 1971. What is c(-5)?
24
Let t(b) = -3257*b + 39441. Give t(14).
-6157
Let l(z) = -54857*z**2 + 109713*z - 3. Calculate l(2).
-5
Let a(r) = r**3 - 2*r**2 + 6049*r + 29. Calculate a(0).
29
Let y(h) = -h**2 - 55*h - 470. Determine y(-8).
-94
Let d(q) = -4575*q + 18301. Calculate d(4).
1
Let z(w) = w**3 - 886*w**2 - 8956*w + 7. Determine z(-10).
-33
Let m(b) = -97989*b + 783968. What is m(8)?
56
Let o(w) = 3*w**2 - 2604*w + 503720. What is o(577)?
-1
Let l(f) = -2*f**3 + 9*f**2 + 80*f - 515. What is l(7)?
-200
Let m(h) = -47*h - 964. Give m(-47).
1245
Let r(j) = -131*j**2 + 966*j - 1457. Give r(5).
98
Let h(a) = -a**2 - 1224*a - 113126. What is h(-102)?
1318
Let s(u) = -36435*u - 4845863. Determine s(-133).
-8
Let q(r) = -r**2 + 387*r - 2282. What is q(6)?
4
Let d(r) = -4*r**2 - 11*r - 45. Give d(-13).
-578
Let y(t) = -6006*t - 78079. What is y(-13)?
-1
Let s(g) = 56913*g - 4040821. Calculate s(71).
2
Let y(x) = -265*x - 11141. Calculate y(-42).
-11
Let d(c) = 663*c**2 - 246*c + 245. Determine d(1).
662
Let l(b) = -2*b**3 - 293*b**2 - 272*b + 23664. Determine l(-145).
29
Let y(v) = -v**3 - 4*v**2 + 4094*v + 139. Calculate y(-66).
7
Let k(m) = -100*m + 4098. Calculate k(35).
598
Let t(v) = 2*v**2 + 8235*v + 261481. What is t(-32)?
9
Let f(q) = 893*q - 990. Calculate f(1).
-97
Let j(y) = -10050*y - 59515. Determine j(-6).
785
Let w(i) = i**3 - 165*i**2 + 946*i + 54. Determine w(6).
6
Let b(d) = d**3 - 143*d**2 - 3842*d + 532556. Give b(144).
44
Let h(t) = t**3 - 2447*t**2 + 35*t - 7. Calculate h(0).
-7
Let j(d) = d**3 + 6*d**2 - 51*d - 489. What is j(0)?
-489
Let n(p) = 31*p**3 + 2200*p**2 - 36*p + 2435. Give n(-71).
-50
Let z(v) = 511*v + 6014. Calculate z(-12).
-118
Let s(c) = -8*c**2 + 19268*c + 193477. Give s(-10).
-3
Let o(h) = -h**2 - 23941*h - 1480451. Determine o(-62).
47
Let h(g) = 14*g - 1338. Give h(83).
-176
Let b(z) = -39*z**2 - 208*z + 1520. What is b(5)?
-495
Let v(c) = 41*c**2 + 2667*c + 13345. Give v(-5).
1035
Let r(x) = -3*x**2 - 1594*x + 17848. What is r(11)?
-49
Let q(z) = -8*z**2 - 939*z + 5914. Determine q(6).
-8
Let y(r) = -r**3 - 53*r**2 + 127*r + 1071. Determine y(-55).
136
Let y(d) = 2*d**2 + 33252*d - 398949. What is y(12)?
363
Let p(u) = -714*u + 2785. Give p(4).
-71
Let v(n) = -3*n**2 + 108*n - 633. What is v(9)?
96
Let p(m) = -84*m + 130. Give p(-4).
466
Let h(r) = r**3 + 8980*r**2 - 71910*r + 24. Calculate h(8).
-24
Let j(g) = -g**2 - 15910*g + 1086501. What is j(68)?
-3
Let i(r) = 1713*r - 32569. Calculate i(19).
-22
Let o(b) = 104*b**2 - 320*b + 993. Determine o(3).
969
Let g(k) = -34155*k - 68317. Give g(-2).
-7
Let a(p) = 1786*p**2 + 330416*p + 1101. What is a(-185)?
-9
Let s(t) = 3*t**3 - 491*t**2 + 13*t - 28904. Give s(164).
124
Let p(a) = -a**3 + 291*a**2 - 6674*a + 6369. Determine p(266).
-15
Let t(i) = i**3 + 149*i**2 - 49*i - 165953. What is t(-141)?
4
Let x(s) = s**2 - 1533*s + 40665. Give x(27).
3
Let x(w) = w**3 - 12*w**2 + 274*w - 3713. Determine x(13).
18
Let f(w) = -6690*w + 20415. What is f(3)?
345
Let k(t) = -76*t - 2847. Determine k(-35).
-187
Let l(f) = 242*f**2 + 313*f + 41. Determine l(-2).
383
Let j(d) = -11780*d + 141455. Calculate j(12).
95
Let a(i) = 9*i**2 - 227*i + 39. Calculate a(27).
471
Let s(k) = k**3 + 37*k**2 - 125*k + 1627. Calculate s(-41).
28
Let w(p) = 287*p + 2109. Determine w(-7).
100
Let i(h) = 670*h + 51747. Give i(-77).
157
Let o(u) = -36066*u + 1009884. Determine o(28).
36
Let f(m) = -m**3 + 28*m**2 - 27*m + 188. Give f(27).
188
Let p(b) = -3*b**2 + 3083*b - 24580. What is p(8)?
-108
Let k(i) = -438*i + 40838. Determine k(93).
104
Let d(w) = w**3 + 61*w**2 - 29*w - 1095. Calculate d(-61).
674
Let b(n) = 30034*n - 1411596. Determine b(47).
2
Let t(o) = 105*o**2 - 14597*o - 1. What is t(139)?
-279
Let n(l) = 5*l**2 - 680*l + 22964. Give n(64).
-76
Let y(r) = 100*r**3 + 1330*r**2 + 387*r - 26. Give y(-13).
13
Let o(n) = n**3 - 31*n**2 + 138*n + 39. What is o(6)?
-33
Let l(o) = -2583*o + 46489. Determine l(18).
-5
Let w(j) = 4*j**3 + 4*j**2 - 928*j - 1848. What is w(-2)?
-8
Let x(t) = -t**3 - 87*t**2 + 2942*t - 63. Determine x(26).
41
Let y(v) = -16*v**2 - 229*v - 319. What is y(-2)?
75
Let v(a) = 531*a - 1742. What is v(3)?
-149
Let f(i) = 104*i + 23434. Determine f(-222).
346
Let f(c) = -c**3 + 9*c**2 - 122*c + 522. Give f(5).
12
Let p(m) = 2*m**3 + 109*m**2 + 61*m + 312. Calculate p(-54).
-66
Let r(b) = b**3 - 248*b**2 - 332726*b + 1426. What is r(714)?
-2
Let f(w) = 581*w**2 - 31374*w - 5. What is f(54)?
-5
Let y(j) = -163*j**3 - 14*j**2 + 8*j + 292. What is y(0)?
292
Let c(z) = 7*z**2 - 22667*z - 113553. Determine c(-5).
-43
Let f(a) = -2*a**2 + 2290*a + 314750. Give f(-124).
38
Let s(m) = -2*m**3 + 74*m**2 - 23*m + 691. Calculate s(37).
-160
Let t(p) = -p**3 + 70*p**2 + 200*p + 1346. Give t(73).
-41
Let n(u) = -327*u - 15811. Give n(-49).
212
Let j(z) = 4*z**3 - 445*z**2 - 1728*z + 331. Determine j(115).
-14
Let o(q) = 43*q**2 + 61*q + 134. What is o(-4)?
578
Let c(w) = -4*w**3 + 48*w**2 + 71*w - 874. Determine c(13).
-627
Let x(v) = 48*v**3 - 3*v**2 - 3175*v + 12665. What is x(4)?
2989
Let j(i) = -i**3 - 185*i**2 + 1548*i + 632. Calculate j(-193).
-140
Let q(s) = -273*s**3 - 6826*s**2 - 20*s + 46. What is q(-25)?
-79
Let n(s) = -390954*s + 2736695. Determine n(7).
17
Let q(c) = 8*c**3 - 477*c**2 - 180*c - 106. Determine q(60).
-106
Let d(q) = 4*q**3 - 89*q**2 + 137*q - 44. What is d(1)?
8
Let v(d) = 45*d**3 - 266*d**2 + 32*d - 318. Give v(6).
18
Let i(u) = 35*u**3 + 11*u**2 - 19*u - 92. Give i(-4).
-2080
Let l(g) = -14*g**2 + 543*g - 226. Determine l(38).
192
Let a(h) = -h**3 + 264*h**2 - 6887*h + 1895274. What is a(265)?
-6
Let q(t) = 202*t**2 + 86*t + 74. Calculate q(-1).
190
Let b(f) = 1247375*f + 19957980. What is b(-16)?
-20
Let f(l) = l**2 - 5904*l + 88323. Give f(15).
-12
Let x(c) = -